{"id":10,"date":"2016-03-24T16:18:35","date_gmt":"2016-03-24T16:18:35","guid":{"rendered":"http:\/\/www.fewo-schumm.de\/?page_id=10"},"modified":"2025-08-05T21:43:14","modified_gmt":"2025-08-05T21:43:14","slug":"preise","status":"publish","type":"page","link":"https:\/\/www.fewo-schumm.de\/?page_id=10","title":{"rendered":"Preise"},"content":{"rendered":"<p><strong>Preise (inkl. Bettw\u00e4sche und Handt\u00fcchern usw.) auf Anfrage, bitte nutzen Sie hierf\u00fcr unser <a href=\"http:\/\/www.fewo-schumm.de\/?page_id=19\">Kontaktformular<\/a>.<\/strong><\/p>\n<p><strong>Anreise<\/strong> ab 15 Uhr<br \/>\n<strong>Abreise<\/strong> bis 10 Uhr<\/p>\n<p><strong>Stornobedingungen<\/strong><\/p>\n<p>bis 30 Tage vor gebuchten Termin kostenlos<br \/>\nbis 14 Tage vor gebuchten Termin 30 %<br \/>\ndanach 70 % vom Gesamtbeitrag<\/p>\n","protected":false},"excerpt":{"rendered":"<p>Preise (inkl. Bettw\u00e4sche und Handt\u00fcchern usw.) auf Anfrage, bitte nutzen Sie hierf\u00fcr unser Kontaktformular. Anreise ab 15 Uhr Abreise bis 10 Uhr Stornobedingungen bis 30 Tage vor gebuchten Termin kostenlos bis 14 Tage vor gebuchten Termin 30 % danach 70 % vom Gesamtbeitrag<\/p>\n","protected":false},"author":1,"featured_media":0,"parent":0,"menu_order":0,"comment_status":"closed","ping_status":"closed","template":"","meta":{"footnotes":""},"class_list":["post-10","page","type-page","status-publish","hentry","without-featured-image"],"_links":{"self":[{"href":"https:\/\/www.fewo-schumm.de\/index.php?rest_route=\/wp\/v2\/pages\/10","targetHints":{"allow":["GET"]}}],"collection":[{"href":"https:\/\/www.fewo-schumm.de\/index.php?rest_route=\/wp\/v2\/pages"}],"about":[{"href":"https:\/\/www.fewo-schumm.de\/index.php?rest_route=\/wp\/v2\/types\/page"}],"author":[{"embeddable":true,"href":"https:\/\/www.fewo-schumm.de\/index.php?rest_route=\/wp\/v2\/users\/1"}],"replies":[{"embeddable":true,"href":"https:\/\/www.fewo-schumm.de\/index.php?rest_route=%2Fwp%2Fv2%2Fcomments&post=10"}],"version-history":[{"count":5,"href":"https:\/\/www.fewo-schumm.de\/index.php?rest_route=\/wp\/v2\/pages\/10\/revisions"}],"predecessor-version":[{"id":650,"href":"https:\/\/www.fewo-schumm.de\/index.php?rest_route=\/wp\/v2\/pages\/10\/revisions\/650"}],"wp:attachment":[{"href":"https:\/\/www.fewo-schumm.de\/index.php?rest_route=%2Fwp%2Fv2%2Fmedia&parent=10"}],"curies":[{"name":"wp","href":"https:\/\/api.w.org\/{rel}","templated":true}]}}